 2*v - 1 = 47, 0 = -4*y - v + 90. What is the remainder when 87 is divided by y?
21
Let v(l) = l - 7. Let j be v(6). Calculate the remainder when 37 is divided by (j + 2)/(3/30).
7
Let j(u) = -u + 1. Let a(w) = -w**2 - 3*w - 3. Let t(z) = -a(z) + 3*j(z). Calculate the remainder when 11 is divided by t(0).
5
Suppose -2*t = -29*i + 25*i + 18, 5*i - 5*t - 15 = 0. Suppose 5*x = -a + 26, -a + 8 = -x - 12. Calculate the remainder when a is divided by i.
3
Suppose -3*w = -133 + 19. What is the remainder when w is divided by 4/(-6)*(-624)/32?
12
Suppose 3*v - v = 96. Calculate the remainder when v is divided by ((-2)/(-3))/(2/75).
23
Let o(g) = -2*g**2 - g - 2. Let r be o(-2). Let b = 20 + r. Calculate the remainder when 34 is divided by b.
10
Let p(m) = -m - 5. Let d be p(-5). Let c be -3*((-16)/(-3) - d). Calculate the remainder when c/24 - (-238)/6 is divided by 20.
19
Suppose d - 5*n = 6*d - 35, 1 = 4*d - 5*n. What is the remainder when 11 is divided by d?
3
Suppose 6 = -0*n + 3*n. Suppose 5 = n*l - 7. Calculate the remainder when 15 is divided by l.
3
Suppose 46 = 2*t - 26. What is the remainder when 17 is divided by 8/t - 79/(-9)?
8
Let j be (-137)/9 + 2/9. Let u = -6 - j. Calculate the remainder when 25 is divided by u.
7
Suppose 14 = n + 3*b, 11 = -0*n + n + 4*b. What is the remainder when n is divided by 5?
3
Suppose -t + 47 = -g + 6*g, 3*t - 3*g - 69 = 0. What is the remainder when 106 is divided by t?
25
Suppose -57 = -7*d + 4*d. Suppose 4*n - 86 = -5*y + 172, -y + n = -57. Calculate the remainder when y is divided by d.
16
Calculate the remainder when (-140)/15*(-36)/14 is divided by 14.
10
Let w(b) = 4*b**2 + 1. Let y(h) = 3*h**3 - 1. Let t be y(1). Suppose i + d = 4*i - 150, 150 = 3*i + d. What is the remainder when i is divided by w(t)?
16
Let z(y) = y**2 - 2*y + 1. Suppose -12 = r - 2. Let h(w) = -w - 8. Let i be h(r). Calculate the remainder when 1 is divided by z(i).
0
Let c(s) = 17*s**3 - s**2 + 2*s - 1. Calculate the remainder when 67 is divided by c(1).
16
Suppose -1 - 5 = -3*x. Calculate the remainder when (-2 - -1 - -31) + x is divided by 11.
10
Suppose a = -6 + 1. Let s(h) = h**3 + 5*h**2 - 3*h + 4. Suppose -2*o - 4*m + 34 = 0, 4*o - 4*m - 18 = -2*m. Calculate the remainder when s(a) is divided by o.
5
Suppose -k = -0*k - 50. What is the remainder when k is divided by (26/(-4))/(4/(-16))?
24
Let b = 28 - 20. What is the remainder when (3/4)/((-1)/(-20)) is divided by b?
7
Suppose 0*l = -l - 3*a + 22, 0 = 4*l - 5*a - 3. Calculate the remainder when 19 is divided by l.
5
Let k(y) = y**2 - 10*y + 9. Let r be k(9). Let x be -40 - r/(3 + 0). Let m = -21 - x. What is the remainder when m is divided by 10?
9
Let p be (-110)/(-3) + (-2)/(-6). Let d = p - 4. What is the remainder when d is divided by 9?
6
Suppose y - 5*w + 12 = 2*y, -2*y = -5*w - 84. Let k = y + -21. Let l = 2 - -2. What is the remainder when k is divided by l?
3
Let u(t) = t**3 - 4*t**2 - 4*t - 1. Let c be (1 - 0)*-2 + 5. Suppose -c*n = 5*i + 10, 3*i + 15 = -0. What is the remainder when 11 is divided by u(n)?
3
Let l = 666 + -420. Calculate the remainder when l is divided by 31.
29
Suppose -g = -4*r - 41, -2*g + r = -7*g + 100. Suppose -g + 3 = -2*m. What is the remainder when -2*(-2 - 42/4) is divided by m?
7
Let s = 7 + -5. Suppose 3*i - 4*i - s*o = -6, 5*o - 20 = 0. Calculate the remainder when 28 is divided by -1 + 1 + i + 17.
13
Suppose 4*b - 17 - 25 = -s, 5*s = 3*b + 141. Suppose -91 = -3*c + 11. Let x = c + -18. Calculate the remainder when s is divided by x.
14
Let a = -1 - -2. Let u(y) = 19*y**2 + 1. What is the remainder when 38 is divided by u(a)?
18
Let q(o) = 17*o**2 + o - 15. Calculate the remainder when q(4) is divided by 66.
63
Let g be (-51)/(-12) - 4/16. Let l(r) = r - 3. Suppose 0 = -4*m - 4*a - 12, -4*m - 5*a - 4 - 12 = 0. What is the remainder when m is divided by l(g)?
0
Suppose 5*q - 2*q = -156. Let u be q/14 - (-8)/(-28). Let j = u + 10. Calculate the remainder when 10 is divided by j.
4
Suppose 2*d - 2 = 0, 4*s + d + 2*d - 35 = 0. Suppose s = -3*n + 53. Let r = n + -6. What is the remainder when 16 is divided by r?
7
Let z(d) = -d - 2. Suppose 2*j - 24 = 4*v, 0 = -j + 3*v + 2*v + 6. Suppose y - j = -3*y. Calculate the remainder when y is divided by z(-4).
0
Let d(a) = -a + 7*a + 7*a - 1 - 4*a. Let o be d(1). Suppose v = o + 15. Calculate the remainder when v is divided by 6.
5
Let n be 0 + (-48)/(-3 + 2). Suppose 4*o = 2*s - 22, 3*s - 3*o + 6 = n. Calculate the remainder when 64 is divided by s.
13
Let k be 2 - 4 - (-2 - 1). Let u(q) = 3*q + 12*q**3 + 33*q**3 - 13 - q**2 + 12 - q. Calculate the remainder when u(k) is divided by 16.
13
Calculate the remainder when (-21)/(-2)*20/6 is divided by 19.
16
Suppose k + 5*d - 95 = 0, -2*k - 5*d = 3*k - 435. Let w = k + -39. Calculate the remainder when w is divided by ((-1)/2)/(-3 + (-190)/(-64)).
14
Suppose 16*x - 4*x = 360. What is the remainder when 57 is divided by x?
27
Suppose -k - 4 = 0, -2*k = -5*l + l + 20. Let r = -7 + 11. Suppose m - 7 = -b, l*b = -r*m + 3 + 16. What is the remainder when 25 is divided by b?
7
Suppose -3*o + 13 - 7 = 0. Suppose -o*n + 14 + 2 = 0. Calculate the remainder when 14 is divided by n.
6
Let n(y) = y + 10. Let k be n(-7). Calculate the remainder when 59 is divided by 58/k + 10/15.
19
Suppose x - 97 - 26 = 0. Suppose x = l + 2*l. Let i = l - 24. Calculate the remainder when i is divided by 6.
5
Suppose -2*n - 30 = -2*r, -n - 28 = 2*r - 4*r. What is the remainder when 23 is divided by r?
10
Suppose 3*s = -4*h + 136 - 42, -h - 2*s = -21. What is the remainder when h is divided by 10?
5
Suppose 3*g - 15 = -2*g. Calculate the remainder when -4 + ((-36)/2)/(-2) is divided by g.
2
Let w(m) = -m + 14. What is the remainder when 9 is divided by w(8)?
3
Let z = 113 - 71. Let n = -26 - -41. Calculate the remainder when z is divided by n.
12
Let q = -41 + 60. What is the remainder when 75 is divided by q?
18
Suppose 3*r - 3*u - 81 = r, -3*u - 36 = -r. Suppose -w = -5*m + 9, -w + r = 2*w + 3*m. What is the remainder when w is divided by 3?
2
Let u(i) = -i**3 - 3*i - 3. Let p = 53 + -27. Suppose 5*c + 11 = p. Calculate the remainder when u(-2) is divided by c.
2
Let y = -27 + 27. Suppose y = -4*p + 5*x + 61, 0*x = 4*p - 4*x - 60. Suppose 3*z - 12 = -0. What is the remainder when p is divided by z?
2
Suppose -2*m = -3*z + 209, z + 148 = 3*z + 3*m. Suppose 5*j - z = -2*c, -5*j + 3*j + 2*c = -34. What is the remainder when 58 is divided by j?
13
Suppose -2*r + 5*g + 102 = 0, 2*r = -2*g + 113 + 3. Calculate the remainder when r is divided by 19.
18
Let a(u) = u**2 + 6*u - 1. Let b be 14/(-21) + (-74)/6. Let r = -20 - b. What is the remainder when 21 is divided by a(r)?
3
What is the remainder when 2/(-3)*(138/(-4) - 3) is divided by 6?
1
Suppose -5*o + 51 = -314. Let z be 1 + -39 + -2 + 0. Let l = z + o. What is the remainder when l is divided by 17?
16
Suppose 2*z + 11 = 53. What is the remainder when z is divided by 8?
5
Let q = -30 + 38. What is the remainder when 31 is divided by q?
7
Suppose 4*q + 93 = 3*m, -2*q - m = 3*q + 140. Let f = -8 - q. Calculate the remainder when f is divided by 10.
9
Let o(h) be the second derivative of 79*h**5/20 + h**4/12 - h**3/6 + 4*h. Calculate the remainder when o(1) is divided by 27.
25
Let c be 4/6*(2 - -1). Suppose 0 = -c*j + s + 24, j + 3*s + s - 30 = 0. Calculate the remainder when 55 is divided by j.
13
Let x(r) = -7*r**2 + r. Let n be x(1). Let j be 10*1/4*n. Calculate the remainder when j/(((-15)/(-6))/(-5)) is divided by 11.
8
Let a(p) = p**3 - 3*p**2 + 3*p + 2. What is the remainder when a(3) is divided by 4?
3
Let j(x) = 22*x**2 + 5*x + 2. What is the remainder when j(-2) is divided by 28?
24
Let x(f) = 16*f - 1. Calculate the remainder when 58 is divided by x(1).
13
Let n(i) = i**3 - 3*i**2 - 4*i - 2. Let w be n(4). Let x = 140 + -111. Calculate the remainder when x is divided by w/4 - (-31)/2.
14
Suppose -4*y + 7*y = 48. Suppose -4 = 2*v - 4*h - 14, -15 = -5*v + 5*h. Let i = v - -8. Calculate the remainder when y is divided by i.
7
Suppose -y + 24 - 20 = 0. Suppose -y*k = k - 5. Calculate the remainder when k is divided by 1.
0
Suppose -4*q = 3*i - 2*i - 39, 0 = 2*i + 3*q - 63. Let d = i - 11. What is the remainder when 31 is d